39705 a composite number?
True
Is 228467 composite?
True
Is 10481 a composite number?
True
Is 647 prime?
True
Is 18167 a composite number?
True
Is 1399 a composite number?
False
Is 432669 a composite number?
True
Is 4187 a prime number?
False
Is 12379 a composite number?
False
Is 40601 composite?
True
Is 4711 a prime number?
False
Is 1649 prime?
False
Is 479 a prime number?
True
Is 508043 prime?
False
Is 296551 a composite number?
False
Is 268003 a prime number?
True
Is 652159 composite?
True
Is 396863 a prime number?
False
Is 12049 a prime number?
True
Is 11863 composite?
False
Is 213971 composite?
True
Is 1693 a composite number?
False
Is 108787 composite?
True
Is 1889 composite?
False
Is 521137 prime?
True
Is 1032457 a prime number?
True
Is 3251 a prime number?
True
Is 109049 composite?
False
Is 4201 composite?
False
Is 5711 composite?
False
Is 27397 composite?
False
Is 13093 a composite number?
False
Is 68261 a prime number?
True
Is 314677 composite?
True
Is 23597 composite?
True
Is 2251 a prime number?
True
Is 8885 composite?
True
Is 4871 a composite number?
False
Is 105533 a composite number?
False
Is 244087 a composite number?
False
Is 64671 a composite number?
True
Is 7901 a prime number?
True
Is 1058363 prime?
False
Is 5669 prime?
True
Is 148327 composite?
True
Is 2651827 prime?
False
Is 5359 composite?
True
Is 11981 a composite number?
False
Is 50929 a prime number?
True
Is 45053 a composite number?
False
Is 38917 a prime number?
True
Is 10495 composite?
True
Is 40451 a composite number?
True
Is 6613 composite?
True
Is 3295 composite?
True
Is 17467 composite?
False
Is 1241 a composite number?
True
Is 290197 a prime number?
False
Is 1454143 a prime number?
True
Is 189013 composite?
True
Is 177043 a composite number?
False
Is 88535 composite?
True
Is 12531 a prime number?
False
Is 1971869 prime?
True
Is 45049 prime?
False
Is 12439 composite?
True
Is 80737 prime?
True
Is 322187 prime?
False
Is 152294 prime?
False
Is 304882 a prime number?
False
Is 571841 prime?
True
Is 34229 prime?
False
Is 204233 prime?
True
Is 10411 composite?
True
Is 10651 prime?
True
Is 1921841 composite?
False
Is 36539 a prime number?
False
Is 4271 prime?
True
Is 10559 a composite number?
False
Is 46801 a composite number?
True
Is 13259 prime?
True
Is 30631 prime?
True
Is 11963 composite?
True
Is 2671 composite?
False
Is 941 prime?
True
Is 27427 a composite number?
False
Is 137357 prime?
False
Is 1963 a composite number?
True
Is 104483 a prime number?
False
Is 736447 a composite number?
False
Is 798335 composite?
True
Is 322106 a prime number?
False
Is 14179 composite?
True
Is 3607 prime?
True
Is 296491 composite?
True
Is 256607 a prime number?
False
Is 1303045 a prime number?
False
Is 4583 prime?
True
Is 2161 composite?
False
Is 7003 a prime number?
False
Is 657283 a prime number?
False
Is 9923 a composite number?
False
Is 37337 prime?
True
Is 59273 a prime number?
True
Is 3749 a composite number?
True
Is 251123 composite?
True
Is 5021 a composite number?
False
Is 4127737 a composite number?
False
Is 310321 a composite number?
True
Is 357301 a composite number?
True
Is 22213 a composite number?
True
Is 20411 composite?
False
Is 92717 composite?
False
Is 35821 composite?
True
Is 432417 composite?
True
Is 3359 prime?
True
Is 322367 prime?
False
Is 1871 prime?
True
Is 12323 prime?
True
Is 397 a composite number?
False
Is 1064963 prime?
False
Is 503053 prime?
True
Is 300253 a composite number?
True
Is 306019 a prime number?
False
Is 128989 a composite number?
True
Is 175519 composite?
False
Is 467867 a composite number?
False
Is 8807 prime?
True
Is 13997 prime?
True
Is 21719 a prime number?
False
Is 21081 composite?
True
Is 66841 composite?
False
Is 28751 a prime number?
True
Is 517409 a prime number?
False
Is 568943 a composite number?
True
Is 141157 a prime number?
True
Is 8351 prime?
False
Is 6557 a prime number?
False
Is 3019 a prime number?
True
Is 1481 composite?
False
Is 66029 a prime number?
True
Is 10427 prime?
True
Is 19 a prime number?
True
Is 161 composite?
True
Is 88397 composite?
False
Is 16837 a prime number?
False
Is 36251 composite?
False
Is 286921 a prime number?
False
Is 7781 a composite number?
True
Is 74923 a composite number?
False
Is 60493 a composite number?
False
Is 7186 composite?
True
Is 17377 composite?
False
Is 989 a prime number?
False
Is 180737 prime?
False
Is 29473 composite?
False
Is 23773 a composite number?
False
Is 27443 a composite number?
True
Is 3935 a prime number?
False
Is 22339 a composite number?
True
Is 86837 composite?
False
Is 34009 composite?
True
Is 105071 a composite number?
False
Is 107827 prime?
True
Is 3810299 a prime number?
True
Is 1954 composite?
True
Is 3163703 prime?
True
Is 1163 a prime number?
True
Is 7779 a composite number?
True
Is 68893 a composite number?
True
Is 45943 composite?
False
Is 467317 a prime number?
True
Is 263123 composite?
True
Is 4633437 a prime number?
False
Is 119969 prime?
False
Is 21833 a prime number?
False
Is 261133 a prime number?
False
Is 46259 a prime number?
False
Is 55519 a prime number?
False
Is 3341 a composite number?
True
Is 167471 a composite number?
False
Is 108497 prime?
True
Is 5311 prime?
False
Is 87383 a prime number?
True
Is 33851 a prime number?
True
Is 673 prime?
True
Is 24019 prime?
True
Is 5142587 a prime number?
True
Is 62915 prime?
False
Is 32467 prime?
True
Is 460523 a prime number?
False
Is 269413 prime?
True
Is 19289 a prime number?
True
Is 6117 a prime number?
False
Is 158489 composite?
False
Is 4727 composite?
True
Is 29195 prime?
False
Is 15259 composite?
False
Is 366673 composite?
True
Is 1559 composite?
False
Is 179791 composite?
True
Is 18989 prime?
False
Is 4201 a composite number?
False
Is 47839 prime?
False
Is 62437 a composite number?
True
Is 6382 a prime number?
False
Is 118781 a prime number?
False
Is 5561 composite?
True
Is 671717 composite?
False
Is 25341 composite?
True
Is 6167 a prime number?
False
Is 522113 a prime number?
True
Is 64177 composite?
True
Is 161 a prime number?
False
Is 13553 prime?
True
Is 184879 prime?
True
Is 23983 prime?
False
Is 508627 a composite number?
True
Is 4169 composite?
True
Is 20789 a prime number?
True
Is 2179 composite?
False
Is 6353 prime?
True
Is 212557 a prime number?
True
Is 9391 a composite number?
False
Is 19069 a prime number?
True
Is 62789 prime?
False
Is 5923 a composite number?
False
Is 9382 a prime number?
False
Is 451403 composite?
True
Is 97087 a composite number?
True
Is 3571 a prime number?
True
Is 23131 composite?
False
Is 18877 prime?
False
Is 78779 composite?
False
Is 1369 prime?
False
Is 5431 prime?
True
Is 251551 composite?
True
Is 316253 composite?
True
Is 252307 composite?
True
Is 350213 prime?
True
Is 17009 prime?
False
Is 3683 prime?
False
Is 7921 a prime number?
False
Is 41765 a composite number?
True
Is 12347 prime?
True
Is 192967 composite?
True
Is 575987 composite?
False
Is 35023 composite?
False
Is 7529 prime?
True
Is 580319 composite?
True
Is 5227 prime?
True
Is 11383 a composite number?
False
Is 1923 prime?
False
Is 174026 a prime number?
False
Is 822949 a composite number?
False
Is 1015631 prime?
False
Is 789 a prime number?
False
Is 58727 prime?
True
Is 67101 a prime number?
False
Is 1055 prime?
False
Is 30619 composite?
True
Is 192529 a composite number?
False
Is 5111 composite?
True
Is 55763 prime?
True
Is 26669 prime?
True
Is 349495 composite?
True
Is 1604167 composite?
False
Is 35069 a prime number?
True
Is 103585 a composite number?
True
Is 6733 prime?
True
Is 111821 a composite number?
False
Is 105521 a prime number?
False
Is 685 prime?
False
Is 1481 a composite number?
False
Is 1041065 prime?
False
Is 1069019 a composite number?
True
Is 29787 a composite number?
True
Is 144703 a prime number?
False
Is 994337 prime?
True
Is 10831 prime?
True
Is 304049 prime?
True
Is 18787 a composite number?
False
Is 408053 composite?
True
Is 45779 composite?
False
Is 53531 composite?
True
Is 186931 composite?
True
Is 6143 composite?
False
Is 22115 composite?
True
Is 951215 composite?
True
Is 14699 a prime number?
True
Is 201 prime?
False
Is 69259 composite?
False
Is 1671 composite?
True
Is 7103 a composite number?
False
Is 428083 prime?
True
Is 195122 a prime number?
False
Is 58442 a co